{"id":15,"date":"2019-03-06T23:21:18","date_gmt":"2019-03-06T23:21:18","guid":{"rendered":"http:\/\/sdic.com.co\/?page_id=15"},"modified":"2020-07-06T02:17:15","modified_gmt":"2020-07-06T02:17:15","slug":"inicio-2","status":"publish","type":"page","link":"https:\/\/sdic.com.co\/","title":{"rendered":"Inicio"},"content":{"rendered":"<div class=\"n2-section-smartslider fitvidsignore  n2_clear\" data-ssid=\"2\" tabindex=\"0\" role=\"region\" aria-label=\"Slider\"><div id=\"n2-ss-2-align\" class=\"n2-ss-align\"><div class=\"n2-padding\"><div id=\"n2-ss-2\" data-creator=\"Smart Slider 3\" data-responsive=\"auto\" class=\"n2-ss-slider n2-ow n2-has-hover n2notransition  \"><div class=\"n2-ss-slider-wrapper-outside\" style=\"grid-template-rows:1fr auto\"><div class=\"n2-ss-slider-wrapper-inside\">\n        <div class=\"n2-ss-slider-1 n2_ss__touch_element n2-ow\">\n            <div class=\"n2-ss-slider-2 n2-ow\">\n                                                    <div class=\"n2-ss-background-animation n2-ow\"><\/div>\n                                <div class=\"n2-ss-slider-3 n2-ow\">\n\n                    <div class=\"n2-ss-slide-backgrounds n2-ow-all\"><div class=\"n2-ss-slide-background\" data-public-id=\"1\" data-mode=\"fill\"><div class=\"n2-ss-slide-background-image\" data-blur=\"0\" data-opacity=\"100\" data-x=\"50\" data-y=\"50\" data-alt=\"\" data-title=\"\"><picture class=\"skip-lazy\" data-skip-lazy=\"1\"><img decoding=\"async\" src=\"\/\/sdic.com.co\/wp-content\/uploads\/2020\/07\/New-Project.jpg\" alt=\"\" title=\"\" loading=\"lazy\" class=\"skip-lazy\" data-skip-lazy=\"1\"><\/picture><\/div><div data-color=\"RGBA(255,255,255,0)\" style=\"background-color: RGBA(255,255,255,0);\" class=\"n2-ss-slide-background-color\"><\/div><\/div><div class=\"n2-ss-slide-background\" data-public-id=\"2\" data-mode=\"fill\" aria-hidden=\"true\"><div class=\"n2-ss-slide-background-image\" data-blur=\"0\" data-opacity=\"100\" data-x=\"50\" data-y=\"50\" data-alt=\"\" data-title=\"\"><picture class=\"skip-lazy\" data-skip-lazy=\"1\"><img decoding=\"async\" src=\"\/\/sdic.com.co\/wp-content\/uploads\/2020\/07\/New-Project-1.jpg\" alt=\"\" title=\"\" loading=\"lazy\" class=\"skip-lazy\" data-skip-lazy=\"1\"><\/picture><\/div><div data-color=\"RGBA(255,255,255,0)\" style=\"background-color: RGBA(255,255,255,0);\" class=\"n2-ss-slide-background-color\"><\/div><\/div><div class=\"n2-ss-slide-background\" data-public-id=\"3\" data-mode=\"fill\" aria-hidden=\"true\"><div class=\"n2-ss-slide-background-image\" data-blur=\"0\" data-opacity=\"100\" data-x=\"50\" data-y=\"50\" data-alt=\"\" data-title=\"\"><picture class=\"skip-lazy\" data-skip-lazy=\"1\"><img decoding=\"async\" src=\"\/\/sdic.com.co\/wp-content\/uploads\/2020\/07\/New-Project-2.jpg\" alt=\"\" title=\"\" loading=\"lazy\" class=\"skip-lazy\" data-skip-lazy=\"1\"><\/picture><\/div><div data-color=\"RGBA(255,255,255,0)\" style=\"background-color: RGBA(255,255,255,0);\" class=\"n2-ss-slide-background-color\"><\/div><\/div><\/div>                    <div class=\"n2-ss-slider-4 n2-ow\">\n                        <svg xmlns=\"http:\/\/www.w3.org\/2000\/svg\" viewBox=\"0 0 1200 300\" data-related-device=\"desktopPortrait\" class=\"n2-ow n2-ss-preserve-size n2-ss-preserve-size--slider n2-ss-slide-limiter\"><\/svg><div data-first=\"1\" data-slide-duration=\"0\" data-id=\"3\" data-slide-public-id=\"1\" data-title=\"New Project\" class=\"n2-ss-slide n2-ow  n2-ss-slide-3\"><div role=\"note\" class=\"n2-ss-slide--focus\" tabindex=\"-1\">New Project<\/div><div class=\"n2-ss-layers-container n2-ss-slide-limiter n2-ow\"><div class=\"n2-ss-layer n2-ow n-uc-1vruJadYgwH4\" data-sstype=\"slide\" data-pm=\"default\"><\/div><\/div><\/div><div data-slide-duration=\"0\" data-id=\"4\" data-slide-public-id=\"2\" aria-hidden=\"true\" data-title=\"New Project (1)\" class=\"n2-ss-slide n2-ow  n2-ss-slide-4\"><div role=\"note\" class=\"n2-ss-slide--focus\" tabindex=\"-1\">New Project (1)<\/div><div class=\"n2-ss-layers-container n2-ss-slide-limiter n2-ow\"><div class=\"n2-ss-layer n2-ow n-uc-lDNxQFPpAE65\" data-sstype=\"slide\" data-pm=\"default\"><\/div><\/div><\/div><div data-slide-duration=\"0\" data-id=\"5\" data-slide-public-id=\"3\" aria-hidden=\"true\" data-title=\"New Project (2)\" class=\"n2-ss-slide n2-ow  n2-ss-slide-5\"><div role=\"note\" class=\"n2-ss-slide--focus\" tabindex=\"-1\">New Project (2)<\/div><div class=\"n2-ss-layers-container n2-ss-slide-limiter n2-ow\"><div class=\"n2-ss-layer n2-ow n-uc-J48TPLf6BOHi\" data-sstype=\"slide\" data-pm=\"default\"><\/div><\/div><\/div>                    <\/div>\n\n                                    <\/div>\n            <\/div>\n        <\/div>\n        <div class=\"n2-ss-slider-controls n2-ss-slider-controls-absolute-left-center\"><div style=\"--widget-offset:15px;\" class=\"n2-ss-widget nextend-arrow n2-ow-all nextend-arrow-previous  nextend-arrow-animated-fade\" data-hide-mobileportrait=\"1\" id=\"n2-ss-2-arrow-previous\" role=\"button\" aria-label=\"previous arrow\" tabindex=\"0\"><img loading=\"lazy\" decoding=\"async\" width=\"32\" height=\"32\" class=\"skip-lazy\" data-skip-lazy=\"1\" src=\"data:image\/svg+xml;base64,PHN2ZyB3aWR0aD0iMzIiIGhlaWdodD0iMzIiIHZpZXdCb3g9IjAgMCAzMiAzMiIgeG1sbnM9Imh0dHA6Ly93d3cudzMub3JnLzIwMDAvc3ZnIj4KICAgIDxwYXRoIGQ9Ik0yMS42ODggMTQuNjg4aC03Ljk1NWwxLjgzMy0xLjY1LS4wMDQtLjAwM2MuMjY3LS4yNC40MzgtLjU4NS40MzgtLjk3MyAwLS43MjQtLjU4OC0xLjMxMi0xLjMxMy0xLjMxMi0uMzM3IDAtLjY0Mi4xMy0uODc0LjM0bC0uMDA0LS4wMDMtNC4zNzYgMy45MzcuMDA0LjAwNEM5LjE3IDE1LjI2OCA5IDE1LjYxMiA5IDE2cy4xNy43MzIuNDM4Ljk3MmwtLjAwNC4wMDQgNC4zNzUgMy45MzcuMDAyLS4wMDNjLjIzMy4yMS41MzguMzQuODc2LjM0LjcyNCAwIDEuMzEyLS41ODggMS4zMTItMS4zMTMgMC0uMzg3LS4xNy0uNzMtLjQzOC0uOTcybC4wMDQtLjAwMy0xLjgzMy0xLjY1aDcuOTU0Yy43MjUgMCAxLjMxMy0uNTg3IDEuMzEzLTEuMzEyIDAtLjcyNS0uNTg4LTEuMzEzLTEuMzEzLTEuMzEzek0xNiAyQzguMjY4IDIgMiA4LjI2OCAyIDE2czYuMjY4IDE0IDE0IDE0IDE0LTYuMjY4IDE0LTE0UzIzLjczMiAyIDE2IDJ6bTAgMjUuMzc1QzkuNzE4IDI3LjM3NSA0LjYyNSAyMi4yODIgNC42MjUgMTZTOS43MTggNC42MjUgMTYgNC42MjUgMjcuMzc1IDkuNzE4IDI3LjM3NSAxNiAyMi4yODIgMjcuMzc1IDE2IDI3LjM3NXoiCiAgICAgICAgICBmaWxsPSIjZmZmZmZmIiBvcGFjaXR5PSIwLjgiIGZpbGwtcnVsZT0iZXZlbm9kZCIvPgo8L3N2Zz4=\" alt=\"previous arrow\"><\/div><\/div><div class=\"n2-ss-slider-controls n2-ss-slider-controls-absolute-right-center\"><div style=\"--widget-offset:15px;\" class=\"n2-ss-widget nextend-arrow n2-ow-all nextend-arrow-next  nextend-arrow-animated-fade\" data-hide-mobileportrait=\"1\" id=\"n2-ss-2-arrow-next\" role=\"button\" aria-label=\"next arrow\" tabindex=\"0\"><img loading=\"lazy\" decoding=\"async\" width=\"32\" height=\"32\" class=\"skip-lazy\" data-skip-lazy=\"1\" src=\"data:image\/svg+xml;base64,PHN2ZyB3aWR0aD0iMzIiIGhlaWdodD0iMzIiIHZpZXdCb3g9IjAgMCAzMiAzMiIgeG1sbnM9Imh0dHA6Ly93d3cudzMub3JnLzIwMDAvc3ZnIj4KICAgIDxwYXRoIGQ9Ik0xOC4xOSAxMS4wODdjLS4yMzUtLjIwNi0uNTQtLjMzNy0uODc4LS4zMzctLjcyNCAwLTEuMzEyLjU4OC0xLjMxMiAxLjMxMyAwIC4zODcuMTcuNzMuNDM4Ljk3MmwxLjgzIDEuNjUySDEwLjMxQzkuNTg4IDE0LjY4NyA5IDE1LjI3NSA5IDE2cy41ODggMS4zMTMgMS4zMTMgMS4zMTNoNy45NTRsLTEuODMzIDEuNjVjLS4yNjMuMjQzLS40MzQuNTg3LS40MzQuOTc0IDAgLjcyNS41ODggMS4zMTMgMS4zMTMgMS4zMTMuMzM3IDAgLjY0Mi0uMTMuODc1LS4zNGw0LjM3OC0zLjkzNGMuMjYzLS4yNDQuNDM0LS41ODguNDM0LS45NzZzLS4xNy0uNzMyLS40MzgtLjk3MmwtNC4zNy0zLjk0ek0xNiAyQzguMjY4IDIgMiA4LjI2OCAyIDE2czYuMjY4IDE0IDE0IDE0IDE0LTYuMjY4IDE0LTE0UzIzLjczMiAyIDE2IDJ6bTAgMjUuMzc1QzkuNzE4IDI3LjM3NSA0LjYyNSAyMi4yODIgNC42MjUgMTZTOS43MTggNC42MjUgMTYgNC42MjUgMjcuMzc1IDkuNzE4IDI3LjM3NSAxNiAyMi4yODIgMjcuMzc1IDE2IDI3LjM3NXoiCiAgICAgICAgICBmaWxsPSIjZmZmZmZmIiBvcGFjaXR5PSIwLjgiIGZpbGwtcnVsZT0iZXZlbm9kZCIvPgo8L3N2Zz4=\" alt=\"next arrow\"><\/div><\/div><\/div><div class=\"n2-ss-slider-controls n2-ss-slider-controls-below\"><div class=\"n2-ss-widget nextend-shadow n2-ow-all\" data-hide-mobileportrait=\"1\"><img decoding=\"async\" width=\"1120\" height=\"50\" style=\"display: block; width:100%;max-width:none;\" class=\"nextend-shadow-image skip-lazy\" loading=\"lazy\" data-skip-lazy=\"1\" src=\"http:\/\/sdic.com.co\/wp-content\/plugins\/smart-slider-3\/Public\/SmartSlider3\/Widget\/Shadow\/ShadowImage\/Assets\/shadow\/float.png\" alt=\"Shadow\"><\/div><\/div><\/div><\/div><ss3-loader><\/ss3-loader><\/div><\/div><div class=\"n2_clear\"><\/div><\/div>\n\n\n<p class=\"has-background has-very-light-gray-background-color\">\n\nSDIC SAS est\u00e1 constituida desde el a\u00f1o 1992, ejecutando proyectos de ingenier\u00eda y construcci\u00f3n en el campo de obras de ingenier\u00eda civil, metalmec\u00e1nicas y montajes electromec\u00e1nicos.\n\n<\/p>\n\n\n\n<p><\/p>\n\n\n<div class=\"align-wrap\" data-block=\"media-text\" data-block-class=\"\">\n<div class=\"wp-block-media-text alignwide has-media-on-the-right has-background has-very-light-gray-background-color\" style=\"grid-template-columns:auto 27%\"><figure class=\"wp-block-media-text__media\"><img loading=\"lazy\" decoding=\"async\" width=\"1024\" height=\"768\" src=\"http:\/\/sdic.com.co\/wp-content\/uploads\/2019\/04\/P1050662-1024x768.jpg\" alt=\"\" class=\"wp-image-184\" srcset=\"https:\/\/sdic.com.co\/wp-content\/uploads\/2019\/04\/P1050662-1024x768.jpg 1024w, https:\/\/sdic.com.co\/wp-content\/uploads\/2019\/04\/P1050662-300x225.jpg 300w, https:\/\/sdic.com.co\/wp-content\/uploads\/2019\/04\/P1050662-768x576.jpg 768w\" sizes=\"auto, (max-width: 1024px) 100vw, 1024px\" \/><\/figure><div class=\"wp-block-media-text__content\">\n<p>Conoce un poco mas sobre la experiencia de nuestra empresa.<\/p>\n\n\n\n<div class=\"wp-block-button alignleft\"><a class=\"wp-block-button__link button button has-text-color has-color-accent-text-mod-color has-background has-color-header-text-mod-background-color\" href=\"http:\/\/sdic.com.co\/?page_id=48\">Experiencia General<\/a><\/div>\n<\/div><\/div>\n<\/div>\n\n\n<p><\/p>\n\n\n<div class=\"align-wrap\" data-block=\"media-text\" data-block-class=\"\">\n<div class=\"wp-block-media-text alignwide has-background has-very-light-gray-background-color\" style=\"grid-template-columns:25% auto\"><figure class=\"wp-block-media-text__media\"><img loading=\"lazy\" decoding=\"async\" width=\"1024\" height=\"768\" src=\"http:\/\/sdic.com.co\/wp-content\/uploads\/2019\/04\/IMG_1709-1024x768.jpg\" alt=\"\" class=\"wp-image-164\" srcset=\"https:\/\/sdic.com.co\/wp-content\/uploads\/2019\/04\/IMG_1709.jpg 1024w, https:\/\/sdic.com.co\/wp-content\/uploads\/2019\/04\/IMG_1709-300x225.jpg 300w, https:\/\/sdic.com.co\/wp-content\/uploads\/2019\/04\/IMG_1709-768x576.jpg 768w\" sizes=\"auto, (max-width: 1024px) 100vw, 1024px\" \/><\/figure><div class=\"wp-block-media-text__content\">\n<p>Gracias a nuestros clientes SDIC SAS se ha consolidado como una importante empresa en el sector, estos son algunos de ellos:<\/p>\n\n\n\n<div class=\"wp-block-button alignright\"><a class=\"wp-block-button__link button button has-background has-color-header-text-mod-background-color\" href=\"http:\/\/sdic.com.co\/?page_id=51\">Mas informaci\u00f3n<\/a><\/div>\n<\/div><\/div>\n<\/div>","protected":false},"excerpt":{"rendered":"<div class=\"entry-summary\">\nSDIC SAS est\u00e1 constituida desde el a\u00f1o 1992, ejecutando proyectos de ingenier\u00eda y construcci\u00f3n en el campo de obras de ingenier\u00eda civil, metalmec\u00e1nicas y montajes electromec\u00e1nicos.\n<\/div>\n<div class=\"link-more\"><a href=\"https:\/\/sdic.com.co\/\" class=\"more-link\">Seguir leyendo<span class=\"screen-reader-text\"> &ldquo;Inicio&rdquo;<\/span>&hellip;<\/a><\/div>\n","protected":false},"author":1,"featured_media":0,"parent":6,"menu_order":0,"comment_status":"closed","ping_status":"closed","template":"templates\/child-pages.php","meta":{"footnotes":""},"class_list":["post-15","page","type-page","status-publish","hentry","entry"],"_links":{"self":[{"href":"https:\/\/sdic.com.co\/index.php?rest_route=\/wp\/v2\/pages\/15","targetHints":{"allow":["GET"]}}],"collection":[{"href":"https:\/\/sdic.com.co\/index.php?rest_route=\/wp\/v2\/pages"}],"about":[{"href":"https:\/\/sdic.com.co\/index.php?rest_route=\/wp\/v2\/types\/page"}],"author":[{"embeddable":true,"href":"https:\/\/sdic.com.co\/index.php?rest_route=\/wp\/v2\/users\/1"}],"replies":[{"embeddable":true,"href":"https:\/\/sdic.com.co\/index.php?rest_route=%2Fwp%2Fv2%2Fcomments&post=15"}],"version-history":[{"count":42,"href":"https:\/\/sdic.com.co\/index.php?rest_route=\/wp\/v2\/pages\/15\/revisions"}],"predecessor-version":[{"id":438,"href":"https:\/\/sdic.com.co\/index.php?rest_route=\/wp\/v2\/pages\/15\/revisions\/438"}],"up":[{"embeddable":true,"href":"https:\/\/sdic.com.co\/index.php?rest_route=\/wp\/v2\/pages\/6"}],"wp:attachment":[{"href":"https:\/\/sdic.com.co\/index.php?rest_route=%2Fwp%2Fv2%2Fmedia&parent=15"}],"curies":[{"name":"wp","href":"https:\/\/api.w.org\/{rel}","templated":true}]}}